e units digit of l?
4
Let n be 2 - 0 - (-13 + 11). Suppose -w - 225 = -n*w. What is the units digit of w?
5
Let s = -1 - -4. Suppose -s*v + 19 = 5*u - 4*v, -5*v - 17 = u. What is the units digit of u/((-9)/(-102) + 0)?
4
Suppose 9*v - 11*v = -12. Let b(o) = v*o**2 + 6 - 10 + o**3 - 3. What is the tens digit of b(-3)?
2
Let o be (-16)/(-1 - 3) + -4. Let n(g) be the third derivative of g**5/60 + g**4/12 + 26*g**3/3 + 4*g**2. What is the tens digit of n(o)?
5
What is the tens digit of (33/((-2970)/(-504)))/(1/420)?
5
Let a(i) = -i + 3. Let x be a(2). Let h be 3*14/6*x. What is the tens digit of h + -4 + 0 + 24?
2
What is the hundreds digit of -2 - (6 - 9) - (-553 - -1)?
5
Suppose 0 = -13*f + 10*f - 1566. Let q = -312 - f. What is the units digit of q?
0
Let i(c) = c**2 + 9*c - 10. Let z be i(-9). What is the tens digit of (4/20*-196)/(4/z)?
9
Suppose -633 = 4*u + i + 968, -1996 = 5*u - 4*i. Let m = u - -623. What is the hundreds digit of m?
2
Suppose 4*c - 13 = 7. Let p = c - -8. Suppose -p*x + 14*x = 34. What is the tens digit of x?
3
Let i(q) = 2*q**3 + 32*q**2 + 2*q - 29. What is the tens digit of i(-14)?
2
Suppose -6*g + 5 = -g. Suppose -g = 3*z - 4*z - 4*l, -6 = z - 3*l. What is the units digit of 4/(-6)*z*11?
2
Suppose 18138 = 15*a - 4887. What is the tens digit of a?
3
Let p = -269 - -477. Let n = p + -153. What is the tens digit of n?
5
Let t be 6/(-27) - 8/(-36). Let o be 3 - 2 - (-4 - t). Suppose o*s - 8 = -h - h, -4*s - 44 = -4*h. What is the units digit of h?
9
Suppose 10292 - 416 = 12*u. What is the units digit of u?
3
Suppose 4*p - 7 = 5*l - 43, -3*l + 22 = -2*p. Suppose 549 = l*k - 179. What is the tens digit of k?
9
Let r(p) = 5*p - 22. Let i(b) = -17*b + 31*b + 43 - 25*b. Let z(s) = -4*i(s) - 9*r(s). What is the tens digit of z(-8)?
3
Let r(h) = 4*h**3 + 4*h**2 + 2*h - 7. Let d be r(3). Suppose 0 = -3*j - 17 + d. What is the tens digit of j + -3 - (-3 + 4)?
3
Let h = -11 - -9. Let r(m) = 2*m**2 + 2*m. Let f be r(h). Suppose 111 = 3*k - 4*z, 5*k - 207 = f*z - 22. What is the units digit of k?
7
Suppose 3*b - 2*m + 43 = 3*m, 5*b = m - 35. What is the tens digit of ((-31)/(-3))/(b/(-36))?
6
Suppose 3*t - 5*t - 38 = 0. Let j(n) = -n**3 - 18*n**2 + 8*n + 46. What is the tens digit of j(t)?
5
Suppose 192*v - 188*v = 136. What is the units digit of v?
4
Let g(q) = -14*q**2 - 5*q - 3. Let m(w) = 7*w**2 + 2*w + 2. Let r(l) = 2*g(l) + 5*m(l). What is the tens digit of r(2)?
3
Let n be 6*(-8)/(-12) - 2. Suppose -3*u + 3 = -2*q, -u + 15 = n*u. What is the units digit of -1*-1*q + 4?
0
Let t = 385 + 20. What is the tens digit of t?
0
What is the hundreds digit of (-3)/1 + 1 + (3 - -470)?
4
What is the units digit of ((-6)/(-12))/(8/73088)?
8
Let h = -59 - -54. Let r = h + 53. What is the tens digit of r?
4
Let x(i) = -i**2 + 6*i + 6. Suppose z + 4 + 5 = 0. Let j be (-56)/z + 2/(-9). What is the units digit of x(j)?
6
Let a(y) = -15*y**3 - y**2 + 1. Let d be a(-1). What is the tens digit of ((-6)/(-4))/(d/710)?
7
Let a(w) = 11*w - 10. Let m(h) = 45*h + 6*h**2 + 2*h**2 - 48*h + 1. Let u be m(1). What is the tens digit of a(u)?
5
Let v = -907 - -2594. What is the units digit of v?
7
Let h(t) = t**3 - t**2 + 349. What is the units digit of h(0)?
9
Let f(q) = 3*q**2. Let k be f(-1). Suppose 3*r = -k*l - 0*r + 144, 152 = 3*l + r. What is the tens digit of l?
5
Suppose -4 = 4*m - 0, 0 = 2*z - 3*m - 15. Suppose 250 = z*k - k. What is the tens digit of k?
5
Let r(z) = -2*z**3 + z**2 + 9*z - 4. What is the tens digit of r(-7)?
6
Let k(r) = r**3 + 16*r**2 + 29. What is the hundreds digit of k(-14)?
4
Suppose 0 = -5*f + 5*q + 8150 - 950, 3*f - q = 4326. What is the units digit of f?
3
Let a(q) = q**3 - 3*q**2 + 14*q - 27. Let x be a(10). Suppose 0 = -18*y + 15*y + x. What is the units digit of y?
1
Let g(j) = j**3 - j**2 + 329. Suppose -3*x + x = -4*v + 8, -5*v - 4 = x. Let s be g(v). Suppose -3*q + s = 4*q. What is the tens digit of q?
4
Suppose -3*q + 931 + 1685 = 0. What is the tens digit of q?
7
Suppose -4*l - 81 + 401 = 0. Let u = 121 - l. What is the tens digit of u?
4
Let a be (7/14)/(1/(-18772)). Let g be (0 - -3)/((-39)/a). Suppose -7*h - 253 = -g. What is the tens digit of h?
6
Suppose 0*r - 10 = 2*r. Let p(b) = 6*b**2 + 3*b + 12. What is the tens digit of p(r)?
4
Let l(r) = r**3 - 15*r**2 - 18*r + 24. Let z be l(16). Let q(y) = -13*y + 25. What is the tens digit of q(z)?
2
Let s(f) = -17*f**3 + f - 2. Let r be s(-2). Suppose -r = -4*n + o, n = -n + o + 68. What is the tens digit of n?
3
Suppose 9304 = -48*d + 59608. What is the tens digit of d?
4
Suppose -f + 3*s = -13, -2*f - s + 6*s + 24 = 0. Suppose 18*r - f*r = 1276. What is the units digit of r?
6
Let n(x) = x + 7. Let k be n(-5). Suppose -3 = b + k*b. What is the units digit of ((-15)/10)/(b/18)?
7
Let o(u) = 42*u**2 - 6*u + 5. Let h be o(2). Suppose -4*i + h = -259. What is the hundreds digit of i?
1
Let o = 2141 - 787. What is the tens digit of o?
5
Let a = 566 - 226. Suppose -4*s = 2*v - 170, -4*v - s - s = -a. What is the tens digit of v?
8
Suppose 38*t - 8*t = 75600. What is the units digit of t?
0
Suppose 0 = -y - 5*h + 14, -4*y + 58 = h + 21. What is the units digit of (58/6)/(y/27)*2?
8
Let x(d) = 5*d**3 + 63*d**2 + 31*d + 22. What is the units digit of x(-12)?
2
What is the tens digit of -3 + 0/6 + 1760?
5
What is the hundreds digit of (-42)/(-28) + (-6821)/(-2)?
4
What is the units digit of (-2)/6*(-485 - 13) + -5?
1
Suppose -2*n - 3*l + 9744 = 0, 12 = 19*l - 22*l. What is the hundreds digit of n?
8
Let x(d) = d**3 - 3*d**2 + 5*d - 13. Let o be x(3). What is the units digit of -3 + o - (-48 + -1)?
8
Suppose 6*p + 1688 = 10*p. What is the hundreds digit of p?
4
What is the hundreds digit of ((-32)/1 - 0)*(-140)/35?
1
Suppose 5*g = 3222 + 2328. What is the hundreds digit of g?
1
Suppose 0 = -2*f + 9 - 5. Suppose 10 = -j - j + 4*p, f*p + 4 = 4*j. Suppose 5*l - 93 = k + j*k, 0 = -l + k + 19. What is the tens digit of l?
1
What is the hundreds digit of 112*3 - (1 - (3 + -2))?
3
Let o(v) = -2*v**3 - 6*v**2 + 16*v + 45. Let a = 66 - 73. What is the tens digit of o(a)?
2
Let s(i) be the third derivative of -i**5/60 + 5*i**4/12 - 3*i**3/2 - 5*i**2. Let b be s(6). What is the units digit of (-1 - -3)*b/3?
0
Let y = -8 + 5. Let x be (-1)/(y + 32/10). Let g(q) = 2*q**2 + 5*q - 6. What is the units digit of g(x)?
9
Let i(b) = b**2 - b - 2. Let a be i(3). Let j(v) = -6*v + 4. Let r(q) = -11*q + 8. Let d(s) = a*r(s) - 7*j(s). What is the units digit of d(-6)?
6
What is the hundreds digit of ((98/(-4))/(-1))/(13/234)?
4
Suppose 2*f - 2 = f. Suppose c + 22 = f. Let u = 42 + c. What is the tens digit of u?
2
Suppose -5*q = g - 1891 - 1552, 4*q + 2*g - 2752 = 0. What is the hundreds digit of q?
6
Suppose 8*u = 5*u. Suppose u = 9*s + 6*s - 1020. What is the units digit of s?
8
Let x be 3/(-1) + 2 - -5. Suppose -243 = k - x*k. What is the units digit of k?
1
Let q be (-38)/171 - (-832)/18. Let d = q + -12. What is the units digit of d?
4
Suppose 3 = 5*g - 5*o - 12, -3*g - 3*o + 3 = 0. Let v be (0 - g)*10/(-4). Suppose -v*i + 5 = -20. What is the units digit of i?
5
Let g be (-30)/(-40) - 255/(-12). Suppose w - g - 47 = 0. What is the tens digit of w?
6
Let l = -217 + 559. Let n be (-5)/(-1)*l/(-30). What is the units digit of -3*n/(-9)*-1?
9
Let z(a) = 24*a**2 + a - 4. Let o be z(2). Let w = o + -22. What is the units digit of w?
2
Let u = -13 - -35. What is the units digit of u?
2
Suppose 15 = 3*w - 4*w. Let c = -12 - w. Suppose c*y + 23 = u, -y + 2 = -2*y. What is the tens digit of u?
1
Let k(r) = -r**2 - 10*r - 4. Let y be -2 + (6*-1 - -1). What is the units digit of k(y)?
7
Suppose 0 = 11*f - 7663 + 1657. What is the hundreds digit of f?
5
Suppose -10*q + 6 = -11*q. Let u be (1464/(-8))/(q/4). Let p = u - 73. What is the units digit of p?
9
Suppose -108*t = -106847 - 45325. What is the hundreds digit of t?
4
Suppose 0 = -2*w + 5*h - 2*h + 119, -87 = -w - 4*h. Suppose -3*f + w = -2*f. What is the tens digit of f?
6
Suppose 0 = -31*m + 5176 + 26258. What is the tens digit of m?
1
Let n(f) = 5*f**2 - 7*f + 9. Let l be n(4). Let p = 6 + l. What is the tens digit of p?
6
Suppose -7*s + 75 = -2*s. Let g(j) = j + 17. What is the units digit of g(s)?
2
Let b = 1978 + -653. What is the hundreds dig